367 a multiple of 52?
False
Does 1199 divide 25289553?
False
Does 915 divide 101124885?
True
Is 137176596 a multiple of 6?
True
Is 31289952 a multiple of 268?
False
Is 22276014 a multiple of 55?
False
Is 280 a factor of 19726285?
False
Does 8 divide 25601959?
False
Is 37577507 a multiple of 11?
True
Is 16 a factor of 239360567?
False
Is 19603104 a multiple of 640?
False
Does 6 divide 115980?
True
Is 48788503 a multiple of 2733?
False
Does 1067 divide 23608442?
True
Is 1037 a factor of 5943932?
False
Is 2622843864 a multiple of 333?
True
Does 890 divide 98852300?
True
Is 32 a factor of 2485632272?
False
Does 463 divide 288493448?
True
Is 1351 a factor of 53649744?
False
Is 15495381 a multiple of 121?
True
Does 90 divide 85005093?
False
Is 1261068484 a multiple of 1924?
True
Does 183 divide 23839227?
True
Is 21 a factor of 6164562?
False
Is 184859220 a multiple of 11?
False
Does 288 divide 800309376?
True
Is 638140630 a multiple of 1107?
False
Is 287 a factor of 63912891?
True
Is 24 a factor of 133620620?
False
Is 112 a factor of 47325152?
True
Is 319 a factor of 75090686?
True
Does 76 divide 267733308?
False
Does 16 divide 1243673?
False
Is 5601760 a multiple of 856?
False
Is 20 a factor of 596155140?
True
Is 476262891 a multiple of 4381?
True
Does 23 divide 112004710?
True
Does 2288 divide 82734080?
True
Does 62 divide 6666984?
True
Does 5251 divide 1040795459?
True
Is 494459039 a multiple of 127?
False
Does 322 divide 831345396?
True
Is 376071630 a multiple of 726?
True
Is 63398272 a multiple of 128?
True
Is 3 a factor of 39677372?
False
Is 127622529 a multiple of 7?
False
Is 640094950 a multiple of 22?
True
Is 1565008192 a multiple of 704?
True
Is 1011 a factor of 647262117?
False
Is 5051 a factor of 160408531?
False
Does 4 divide 73622980?
True
Is 2560 a factor of 183293440?
True
Is 29348280 a multiple of 18?
True
Is 4842240 a multiple of 485?
True
Does 52 divide 34039854?
False
Is 2553326 a multiple of 36?
False
Does 4801 divide 254195190?
False
Is 131809017 even?
False
Is 340372032 a multiple of 4704?
True
Is 9 a factor of 9745021?
False
Does 4101 divide 332735972?
False
Is 119668382 a multiple of 53?
True
Is 1527 a factor of 16873350?
True
Is 907350900 a multiple of 965?
True
Is 95873589 a multiple of 4?
False
Is 281 a factor of 69692509?
False
Is 132027203 a multiple of 23?
False
Does 1945 divide 51396625?
True
Is 39617380 a multiple of 1570?
True
Is 2115460 a multiple of 722?
True
Is 342532732 a multiple of 3539?
True
Does 95 divide 284403201?
False
Is 1053 a factor of 6797243?
False
Is 5044 a factor of 603655832?
True
Is 37 a factor of 794660641?
False
Is 27059313 a multiple of 53?
False
Is 12 a factor of 518882389?
False
Does 112 divide 10088240?
False
Is 328 a factor of 58554888?
True
Is 578643296 a multiple of 968?
True
Does 959 divide 598686438?
True
Is 187002550 a multiple of 238?
True
Does 2020 divide 4697387559?
False
Is 1290 a factor of 7332360?
True
Is 16610922 a multiple of 6?
True
Is 3 a factor of 1167731?
False
Is 97 a factor of 144713427?
True
Is 64955928 a multiple of 762?
True
Is 5519 a factor of 540083759?
False
Is 1481 a factor of 72865847?
False
Does 920 divide 140092080?
True
Does 263 divide 63604183?
True
Is 51919395 a multiple of 759?
True
Does 2520 divide 428798546?
False
Is 597447316 a multiple of 157?
False
Is 18 a factor of 113956478?
False
Is 60214407 a multiple of 166?
False
Is 133 a factor of 5812567?
False
Is 64 a factor of 11347136?
True
Does 120 divide 70485884?
False
Does 19 divide 33916553?
False
Is 654 a factor of 105131808?
True
Is 6047 a factor of 9125236?
False
Does 6 divide 211114949?
False
Is 11066065 a multiple of 85?
True
Is 11489562 a multiple of 938?
True
Is 2866914 a multiple of 102?
True
Is 183 a factor of 525877401?
True
Does 119 divide 10935195?
False
Is 14 a factor of 494039154?
True
Does 445 divide 65639280?
True
Does 30 divide 14666320?
False
Is 330 a factor of 34767657?
False
Is 2057983548 a multiple of 6684?
True
Does 15 divide 159124299?
False
Does 1966 divide 959761?
False
Is 751 a factor of 39807506?
True
Does 39 divide 1858496406?
True
Does 20 divide 474044060?
True
Is 4 a factor of 643484?
True
Is 156683296 a multiple of 308?
True
Does 626 divide 6320096?
True
Is 452 a factor of 2821306256?
True
Is 331 a factor of 57380243?
False
Does 28 divide 116019487?
False
Is 190 a factor of 27602245?
False
Is 1130774521 a multiple of 574?
False
Is 64232076 a multiple of 41?
True
Is 62836258 a multiple of 3662?
True
Is 199229820 a multiple of 19?
True
Does 484 divide 775349608?
True
Does 5 divide 96932985?
True
Does 217 divide 715689002?
True
Is 9251830 a multiple of 35?
True
Does 19 divide 78707489?
False
Is 79829918 a multiple of 98?
True
Is 287 a factor of 2809443?
True
Is 22247630 a multiple of 555?
False
Does 1399 divide 131833366?
True
Is 24635338 a multiple of 2219?
True
Is 70586460 a multiple of 980?
True
Is 524 a factor of 858116998?
False
Is 57684494 a multiple of 47?
False
Is 431677875 a multiple of 15?
True
Is 409538766 a multiple of 1079?
True
Is 3127 a factor of 158704478?
False
Is 207970360 a multiple of 262?
True
Is 109817301 a multiple of 432?
False
Is 14 a factor of 9959586?
True
Does 21 divide 2707950?
True
Is 206 a factor of 120626543?
False
Is 23957777 a multiple of 79?
True
Is 463799049 a multiple of 6069?
True
Is 1272708 a multiple of 5?
False
Does 621 divide 8346098?
False
Does 51 divide 87471200?
False
Is 71 a factor of 266103009?
False
Is 24968330 even?
True
Is 2885 a factor of 199005820?
False
Does 595 divide 491120539?
False
Is 609 a factor of 170099181?
True
Is 116 a factor of 1578665197?
False
Does 22 divide 147811158?
True
Is 16427240 a multiple of 14?
False
Does 75 divide 634019250?
True
Is 156383380 a multiple of 20?
True
Does 18 divide 41714874?
True
Does 1364 divide 278309473?
False
Does 3572 divide 20047752?
False
Is 15984681 a multiple of 57?
True
Is 1337 a factor of 59737255?
False
Does 1333 divide 206612334?
True
Is 35490337 a multiple of 847?
False
Is 167 a factor of 28144677?
True
Is 71 a factor of 1126390791?
False
Is 23752904 a multiple of 418?
False
Does 18 divide 552663504?
True
Is 93431664 a multiple of 27?
True
Does 225 divide 20835180?
False
Does 125 divide 10346955?
False
Is 317292678 a multiple of 354?
True
Is 36789520 a multiple of 10?
True
Is 280546528 a multiple of 31?
True
Is 2031915447 a multiple of 1117?
False
Does 4 divide 5104116?
True
Is 1813 a factor of 146637253?
True
Is 1808992704 a multiple of 16?
True
Does 81 divide 136744562?
False
Is 52 a factor of 657142688?
False
Does 694 divide 25067439?
False
Is 39 a factor of 297287874?
True
Is 1379906929 a multiple of 616?
False
Is 2689254763 a multiple of 53?
False
Does 43 divide 7386368?
True
Is 4271 a factor of 1825959275?
True
Is 10 a factor of 566252240?
True
Does 194 divide 39728096?
True
Does 1108 divide 204982216?
True
Is 206890014 a multiple of 1725?
False
Does 17 divide 451611953?
True
Is 173 a factor of 9339771?
False
Is 1243815264 a multiple of 144?
True
Is 92681685 a multiple of 56?
False
Does 324 divide 17712559?
False
Is 3 a factor of 36070688?
False
Does 2326 divide 25640827?
False
Does 314 divide 77104880?
False
Does 587 divide 2575326903?
True
Does 76 divide 1447956940?
True
Is 109 a factor of 413374164?
False
Is 14 a factor of 220459436?
False
Does 277 divide 26326876?
False
Is 245 a factor of 228601628?
False
Is 224 a factor of 3224821152?
True
Is 11341260 a multiple of 20?
True
Is 22284074 a multiple of 19?
True
Is 70 a factor of 2297610193?
False
Does 18 divide 68019498?
True
Is 19 a factor of 19532513?
True
Does 88 divide 31607048?
True
Is 169788300 a multiple of 275?
True
Does 26 divide 5338362332?
False
Is 214 a factor of 31913126?
False
Is 2791138903 a multiple of 2868?
False
Does 31 divide 2059874683?
False
Is 195838434 a multiple of 3?
True
Is 121 a factor of 359913290?
True
Is 13742400 a multiple of 525?
True
Does 50 divide 1755117900?
True
Does 1931 divide 1709854156?
True
Does 419 divide 7008189968?
False
Does 71 divide 6930062281?
True
Is 73 a factor of 34600686?
True
Is 4 a factor of 536110672?
True
Is 5595 a factor of 319597590?
True
Does 1112 divide 349552?
False
Is 74059932 a multiple of 32?
False
Is 213 a factor of 76070181?
True
Is 3254482716 a